, 5, 61
What are the prime factors of 3935 + 20*(-3)/(-30)*(1 + 0)?
31, 127
Suppose -4*h - 47784 = -4*a, 1233 = 5*a + 2*h - 58476. What are the prime factors of a?
3, 1327
Let j = 157320 - 91568. List the prime factors of j.
2, 8219
Let y(k) = 83*k**2 - 11*k - 15. Let x be y(12). Suppose -x + 2472 = -17*f. List the prime factors of f.
3, 61
What are the prime factors of (-950)/38 + 50133 - (10 - 1)?
7, 17, 421
Suppose 0 = 985*j - 981*j + 2060. Let m = 1496 + j. List the prime factors of m.
3, 109
Suppose -6*m = 5*m - 33. What are the prime factors of 9570/261 - (-1)/m?
37
Suppose -44*g + 246772 = 24*g. List the prime factors of g.
19, 191
Let k(x) = -90*x - 20. Let i(c) = c**3 - 3*c**2 - 11*c + 1. Let b be i(5). List the prime factors of k(b).
2, 5, 17
Let t(c) = -21*c**2 + 5*c - 3. Let o be t(7). Let x = o - -1481. List the prime factors of x.
2, 11
Suppose -5*y = -4382 - 20153. Suppose -8*f = -f - y. What are the prime factors of f?
701
Suppose 3846 = -293*m + 287*m. Let u = m - -744. List the prime factors of u.
103
Let k be -1*1 - (4 + -34)/10. Suppose 6*u - 597 = -d + k*u, 0 = -2*d - 3*u + 1184. What are the prime factors of d?
19, 31
Let x be (-3)/2*(-792)/(-54). Let k = x + 18. What are the prime factors of 1/(-2) - 2/(k/123)?
61
Suppose 0 = 9*q - 43802 - 4501. List the prime factors of q.
3, 1789
Let l(q) = 98*q**3 + 3*q**2 + 3*q - 7. Let o be l(4). Suppose -109*j + 114*j - o = 0. What are the prime factors of j?
5, 11, 23
Suppose -2430*s + 2429*s = -4*c + 246041, 4*c - 3*s - 246027 = 0. List the prime factors of c.
2, 3, 11, 233
Let r(n) = n**3 - 15*n**2 + 9*n - 68. Let q be (-2)/(-4)*(50 - 20). What are the prime factors of r(q)?
67
Suppose 30*c + 10*c - 14*c - 283998 = 0. What are the prime factors of c?
3, 11, 331
Suppose -284075 = 87*d - 1484327. List the prime factors of d.
2, 3449
Let k(i) = 273*i - 324. List the prime factors of k(11).
3, 19, 47
Let g be 7*3*(-214)/(-6). Let n = g - 193. What are the prime factors of n?
2, 139
List the prime factors of 9699/2*(8 + (-18)/3).
3, 53, 61
Let c = -448 - -256. Let o be (-1)/(3/c) + 2. Let f = o + -8. List the prime factors of f.
2, 29
What are the prime factors of 34034 - (-8 + 8 + 5)?
3, 19, 199
Let p be ((-594)/4)/9 - (-3)/(-2). Let l = 392 + p. List the prime factors of l.
2, 11, 17
Let t(j) = 19*j**3 - 4*j**2 - 32*j + 120. Let h(d) = 30*d + 364. Let x be h(-12). What are the prime factors of t(x)?
2, 11, 13
Let x = 59 - 52. Suppose -3*t - 2*q + 1355 = 0, x*t - 441 = 6*t + 2*q. Suppose f + 3*o = -46 + 137, -4*f + 5*o = -t. What are the prime factors of f?
2, 53
Let m = 12 - -3. Suppose 3*l - m = 0, 5*g - 5*l - 58 = 42. List the prime factors of (4 + 1170/g)/((-2)/(-5)).
127
Let u(f) = -7*f**2 + 33*f + 13. Let d be u(5). Suppose 6*b - 5*b = 4*n + 246, b - d*n = 250. List the prime factors of b.
2, 131
Suppose -4*u = -4*f - 12, 6*u - 3*f - 3 = 5*u. Suppose -u*d = 2*w - 600, 5*d - 993 = -0*w - w. List the prime factors of d.
2, 3, 11
Suppose 4*y - 81804 = -3*x, -5*x + 136276 = -25*y + 21*y. List the prime factors of x.
2, 5, 29, 47
Let i(h) = 55*h**2 + 7*h + 7. Let q(n) = -110*n**2 - 13*n - 13. Let c(f) = 5*i(f) + 2*q(f). List the prime factors of c(-5).
13, 103
Let w(f) = 2*f + 4*f + 16 + 22 - 2*f**2 - 33. Let t be w(4). What are the prime factors of (-2)/t*(6 - (-313 - -4))?
2, 3, 5, 7
Let a = 4899 + 9941. List the prime factors of a.
2, 5, 7, 53
Suppose 2*u - 284 = -2*b, -4*b - 22*u + 19*u + 568 = 0. List the prime factors of b.
2, 71
Suppose -717 = n - 4*n + 3*f, -2*n = -4*f - 468. Suppose 0 = -5*o + n + 321. Suppose 4*u - o = 75. What are the prime factors of u?
47
Let a(o) = -o**3 + 7*o**2 - 12*o + 9. Let r be -17*2/(-6) - (-32)/(-48). Let g be a(r). What are the prime factors of (-7)/((-35)/(-405))*g?
3
Let f(h) = h**3 + 6*h**2 + 2*h + 14. Suppose 5*k + 18 = 4*t, 27 = k - 6*k + t. Let i be f(k). Let j(o) = 5*o**3 - 4. What are the prime factors of j(i)?
2, 3
Let g(a) = -3343*a - 11301. List the prime factors of g(-10).
22129
Suppose -116*v = -120*v + 2*f + 99954, 5*f - 24972 = -v. List the prime factors of v.
3, 8329
List the prime factors of 3/2 - 323453/(-26).
2, 6221
Let b(c) = 46*c**3 + 69 - 27*c**2 - 25*c**3 - 29*c - 20*c**3. Let k be b(28). Let x = k - -93. What are the prime factors of x?
2, 67
Suppose -4*g - 37528 = -4*k - 832, 2*k - 3*g - 18355 = 0. What are the prime factors of k?
89, 103
Let o = -11 + 13. Suppose -4*b - b = 3*d - 24, 21 = o*d + 5*b. Suppose -3*r - 3*k = -81, 3*r - 2*k = d*k + 57. List the prime factors of r.
2, 3
Suppose 0 = 45*d - 46*d + 4. Suppose 1210 - 281 = 2*x + o, -924 = -2*x + d*o. List the prime factors of x.
2, 29
Let r be -3*(-4)/20*(0 - -5). Suppose 0 = -f - 2*f + r*z + 783, 0 = -4*f + z + 1050. List the prime factors of f.
263
Suppose 59*g - 3434408 = -91*g - 15308. List the prime factors of g.
2, 3, 29, 131
Let z = 27914 - 12249. What are the prime factors of z?
5, 13, 241
Let w(v) = -v**3 - 7*v**2 + 3*v - 35. Let r be w(-10). Let g be 3/6 + 7/(-2). What are the prime factors of r + (-4 - (g - -1))?
233
Suppose 233*g + 117 = 272*g. Suppose n = 4 + 1. Suppose -2*q + 1 = n, -g*c = -q - 182. What are the prime factors of c?
2, 3, 5
List the prime factors of -1 - (-9 - 14866 - (1 - (3 + 1))).
3, 4957
Suppose -5*i - n - 175 = 4*n, 0 = -3*n - 9. Let z = i - -128. Suppose -z*v + 97*v = 3. List the prime factors of v.
3
Suppose -u = -5*q + 90, 7*q + 2*u - 29 = 6*q. Let n(p) = p**3 - 18*p**2 - 14*p + 19. Let c(x) = 1. Let h(l) = 5*c(l) + n(l). What are the prime factors of h(q)?
7, 17
Let a = -1 + 4. Suppose 4*n = 3*d - 280, 0*n = a*d + 5*n - 298. Suppose 17*o - d = 13*o. What are the prime factors of o?
2, 3
Let l = 2859 - -608. List the prime factors of l.
3467
Let o = 312 - 293. Suppose -x = 5, 17*j + 1002 = o*j - 4*x. What are the prime factors of j?
491
Let a(c) = 28*c**2 - 6 + 8*c + 2 - 64*c**2. Let q be a(5). What are the prime factors of (2/6)/((-18)/q)?
2
What are the prime factors of (-1*318/(-2))/((-87180)/(-4840) - 18)?
2, 11, 53
List the prime factors of 5/(15/(-1674))*(-6)/(-18)*-47.
2, 3, 31, 47
Suppose 20 = 4*g, n + 2 = -2*g + 32. What are the prime factors of (n/(-6) + 2)*24813/(-36)?
919
Suppose 8 = -4*v - 4*u, 4*u = -0*u - 20. Suppose 8*m = v*m. Suppose m = -14*w + 651 + 133. What are the prime factors of w?
2, 7
Let k be (72/21)/((-20)/(-2310)). Let b = k - 85. What are the prime factors of b?
311
Let w(i) = i**2 + 5*i. Let l be w(-5). Suppose -2321 - 9007 = -12*p. Suppose 8*g = -l*g + p. What are the prime factors of g?
2, 59
Suppose 5*z + 3 = -7. Let h(g) = -2 + 2 - 17*g**3 + 16*g**3 + 0 + 2*g + 3. What are the prime factors of h(z)?
7
Let r(w) = 2*w**2 + 31*w - 42. Let t be 18 - (11/1 - 4). What are the prime factors of r(t)?
541
Let c(j) = -11*j - 64. Let z(i) = -3*i - 22. Let x(q) = -3*c(q) + 8*z(q). Let b be 2 + (0/2 - -1). What are the prime factors of x(b)?
43
Suppose -u - 5*s = -216, u - s - 976 = -4*u. Suppose u = -2*d + 50. Let x = 2 - d. List the prime factors of x.
3, 5
Suppose -3*y + 3 + 24 = 3*l, 4*y - 4*l = 52. Let x(i) = i - 23. Let j be x(y). Let q(u) = -14*u - 9. List the prime factors of q(j).
3, 53
What are the prime factors of 8/6*3*(-18)/504*-5299?
757
Let z = 30 - 30. Let p(j) = -109*j - 4*j**2 + 12 + 105*j + z*j**3 - j**3. What are the prime factors of p(-5)?
3, 19
Let i be (21/(-4))/((-125)/(-32) - 4). Suppose 0 = -4*m + 4, -i = -3*x + 2*x + 2*m. List the prime factors of x.
2, 29
What are the prime factors of (-2 - -1)/((-574)/3545598)?
3, 29, 71
Let n(b) = 1324*b + 60. List the prime factors of n(14).
2, 4649
Let f(k) = -k + 32 - 29 + 4*k. Let z be f(-1). Suppose -114 = 4*d - 4*h - 342, 5*d - h - 281 = z. What are the prime factors of d?
2, 7
Let t be 0 + 2 - (-6)/12*0. Suppose 3*o - 5 = -u, 2*u - t*o - 2*o = 0. Suppose n + u*w = 42 - 1, -2*n - 3*w + 80 = 0. What are the prime factors of n?
37
Let m = 9139 - -3987. List the prime factors of m.
2, 6563
Let j(z) = z**3 - 2*z**2 - 4. Suppose -13 = -3*x - l, 2*x - l = l - 2. Let b be j(x). What are the prime factors of (201 - 0)*b/15?
67
Suppose 15*j - 178729 = 41276. What are the prime factors of j?
3, 4889
Suppose -1395*f + 7304 = -1387*f - 238736. What are the prime factors of f?
5, 6151
Let s be -2*137 + -5 + 1 + -3. Let q = s + 1318. What ar